{"id":1386,"date":"2018-01-22T18:20:54","date_gmt":"2018-01-22T21:20:54","guid":{"rendered":"http:\/\/laprovidenciaovalle.cl\/colegio\/?page_id=1386"},"modified":"2023-04-26T10:55:03","modified_gmt":"2023-04-26T14:55:03","slug":"movimiento-de-ap","status":"publish","type":"page","link":"http:\/\/laprovidenciaovalle.cl\/colegio\/colegio-info\/movimiento-de-ap\/","title":{"rendered":"Movimiento de AP"},"content":{"rendered":"<p>[vc_row][vc_column width=&#8221;1\/2&#8243;][vc_column_text]<\/p>\n<h2>Or\u00edgenes del Movimiento de Asociadas y Asociados Providencia<\/h2>\n<p>El movimiento de Asociadas y Asociados Laicos Providencia (AP) tiene su origen en 1840, como un grupo de se\u00f1oras, que acompa\u00f1aban a la se\u00f1ora Emilia Gamelin en sus obras de ayuda a los pobres de Montreal en Canad\u00e1.<\/p>\n<p>Es probable que seamos el \u00fanico Movimiento laico que nace antes y da origen a una Congregaci\u00f3n.<\/p>\n<p>En el Cap\u00edtulo General de 1982, la Congregaci\u00f3n da existencia formal a los Asociados Laicos Providencia, como acompa\u00f1antes de la Congregaci\u00f3n en su tarea de ayudar al que sufre.<\/p>\n<h2>Identidad<\/h2>\n<p>Nuestra Identidad se caracteriza por:<\/p>\n<p>Creer en un Dios Providente, en el que Madre Emilia y Madre Bernarda creyeron.<\/p>\n<p>Dejarse conducir por \u00c9l, sirviendo a nuestro pr\u00f3jimo en lo que necesite y seg\u00fan los dones personales que hemos recibido.<\/p>\n<h2>Misi\u00f3n<\/h2>\n<p>Nuestra Misi\u00f3n como Movimiento Providencia es proclamar el Misterio de la Providencia, que motiva a la Iglesia y al mundo a alabar la ternura del Padre, en uni\u00f3n con Mar\u00eda, la mujer compasiva y valiente del Evangelio.<\/p>\n<p>Para cumplir la Misi\u00f3n, vivimos y proclamamos el carisma providente, seg\u00fan nuestro propio estado de vida, a la Luz del Evangelio, tanto individualmente como en comunidad.[\/vc_column_text][\/vc_column][vc_column width=&#8221;1\/2&#8243;][vc_single_image image=&#8221;1957&#8243; img_size=&#8221;full&#8221; onclick=&#8221;link_image&#8221;][vc_single_image image=&#8221;1390&#8243; img_size=&#8221;full&#8221; onclick=&#8221;link_image&#8221;][vc_single_image image=&#8221;8856&#8243; img_size=&#8221;full&#8221;][vc_single_image image=&#8221;8841&#8243; img_size=&#8221;full&#8221;][\/vc_column][\/vc_row][vc_row][vc_column][vc_column_text]<\/p>\n<h2>Perfil de una Asociada o Asociado Providencia (AP)<\/h2>\n<p>Las y los AP son:<\/p>\n<ul>\n<li>Personas comprometidas con su vocaci\u00f3n bautismal. Que creen profundamente en Cristo Se\u00f1or de la Vida y desean acoger el mensaje de su Palabra.<\/li>\n<li>Motivada y comprometida con la espiritualidad y misi\u00f3n que identifica a la Congregaci\u00f3n de las Hermanas de la Providencia.<\/li>\n<li>Anhelan ser testimonio de la ternura de Dios Padre Providente y audazmente confiados en su gracia para ser presencia de su amor en el mundo.<\/li>\n<li>El grupo es aut\u00f3nomo y est\u00e1 integrado por Profesores, Asistentes de la Educaci\u00f3n, Amigos(as) externos al Colegio.<\/li>\n<li>Las funciones contemplan:<br \/>\nAnimar a la Comunidad Educativa para que sea un lugar de encuentro y acogida y facilite el crecimiento personal y comunitario de cada una de sus integrantes.<\/li>\n<li>Realizar sus acciones de solidaridad con responsabilidad; comprometidos con la Identidad del Colegio, su PEI y el Carisma de la Congregaci\u00f3n de las Hermanas de la Providencia.<\/li>\n<li>Planificar y coordinar actividades de acci\u00f3n solidaria en beneficio de los m\u00e1s necesitados.<\/li>\n<li>\u00a0Acompa\u00f1ar enfermos, personas solas, asilos de ancianos y hogares de menores, llev\u00e1ndoles entretenci\u00f3n y compartir con ellos, ofreci\u00e9ndoles su compa\u00f1\u00eda y fraternidad.<\/li>\n<\/ul>\n<p>[\/vc_column_text][\/vc_column][\/vc_row][vc_row][vc_column][vc_column_text]<\/p>\n<h2>Relaci\u00f3n con las Hermanas de la Providencia<\/h2>\n<p>El Esp\u00edritu del Se\u00f1or es quien convoca a Hermanas y Asociados a compartir la Espiritualidad, Carisma y Misi\u00f3n Providencia, como la presencia amorosa de Dios que vela siempre sobre su creaci\u00f3n.<\/p>\n<p>La relaci\u00f3n entre las Hermanas de la Providencia (SP) y AP crea un lazo espiritual entre ellos. Se integran en actividades y celebraciones.<\/p>\n<p>Los AP conocen y apoyan las orientaciones generales y l\u00edneas de acci\u00f3n de las Hermanas de la Providencia, en su vivencia del carisma en un \u201cmundo en evoluci\u00f3n\u201d.<\/p>\n<p>La relaci\u00f3n excluye obligaciones legales y financieras entre ambos.[\/vc_column_text][\/vc_column][\/vc_row][vc_row][vc_column][vc_column_text]<\/p>\n<h2>Requisitos para pertenecer a los AP<\/h2>\n<p>Para pertenecer a una comunidad AP, la persona vive un periodo de formaci\u00f3n de dos a\u00f1os, en el cual profundiza el Carisma y la Espiritualidad Providencia para aprender los caminos de Dios en la pr\u00e1ctica concreta de servicio compasivo a los m\u00e1s necesitados.<\/p>\n<p>Se necesita adem\u00e1s perseverancia en la asistencia a las reuniones y actividades.[\/vc_column_text][\/vc_column][\/vc_row][vc_row][vc_column][vc_column_text]<\/p>\n<h2>Causales de anulaci\u00f3n del compromiso<\/h2>\n<ul>\n<li>Ausencia prolongada a los encuentros de su comunidad, sin previo aviso.<\/li>\n<li>Falta de probidad.<\/li>\n<li>Incumplimiento de la confidencialidad como atentado a la caridad.<\/li>\n<\/ul>\n<p>[\/vc_column_text][\/vc_column][\/vc_row]<\/p>\n","protected":false},"excerpt":{"rendered":"<p>[vc_row][vc_column width=&#8221;1\/2&#8243;][vc_column_text] Or\u00edgenes del Movimiento de Asociadas y Asociados Providencia El movimiento de Asociadas y Asociados Laicos Providencia (AP) tiene su origen en 1840, como un grupo de se\u00f1oras, que acompa\u00f1aban a la se\u00f1ora Emilia Gamelin en sus obras de ayuda a los pobres de Montreal en Canad\u00e1. Es probable que seamos el \u00fanico Movimiento laico que nace antes y&nbsp;<a href=\"http:\/\/laprovidenciaovalle.cl\/colegio\/colegio-info\/movimiento-de-ap\/\">[&hellip;]<\/a><\/p>\n","protected":false},"author":2,"featured_media":0,"parent":584,"menu_order":9,"comment_status":"closed","ping_status":"closed","template":"template-sidebar-left-childpages.php","meta":[],"yoast_head":"<!-- This site is optimized with the Yoast SEO plugin v15.2 - https:\/\/yoast.com\/wordpress\/plugins\/seo\/ -->\n<title>Movimiento de AP - Colegio La Providencia<\/title>\n<meta name=\"robots\" content=\"index, follow, max-snippet:-1, max-image-preview:large, max-video-preview:-1\" \/>\n<link rel=\"canonical\" href=\"http:\/\/laprovidenciaovalle.cl\/colegio\/colegio-info\/movimiento-de-ap\/\" \/>\n<meta property=\"og:locale\" content=\"es_ES\" \/>\n<meta property=\"og:type\" content=\"article\" \/>\n<meta property=\"og:title\" content=\"Movimiento de AP - Colegio La Providencia\" \/>\n<meta property=\"og:description\" content=\"[vc_row][vc_column width=&#8221;1\/2&#8243;][vc_column_text] Or\u00edgenes del Movimiento de Asociadas y Asociados Providencia El movimiento de Asociadas y Asociados Laicos Providencia (AP) tiene su origen en 1840, como un grupo de se\u00f1oras, que acompa\u00f1aban a la se\u00f1ora Emilia Gamelin en sus obras de ayuda a los pobres de Montreal en Canad\u00e1. Es probable que seamos el \u00fanico Movimiento laico que nace antes y&nbsp;[&hellip;]\" \/>\n<meta property=\"og:url\" content=\"http:\/\/laprovidenciaovalle.cl\/colegio\/colegio-info\/movimiento-de-ap\/\" \/>\n<meta property=\"og:site_name\" content=\"Colegio La Providencia\" \/>\n<meta property=\"article:modified_time\" content=\"2023-04-26T14:55:03+00:00\" \/>\n<meta name=\"twitter:card\" content=\"summary_large_image\" \/>\n<meta name=\"twitter:label1\" value=\"Escrito por\">\n\t<meta name=\"twitter:data1\" value=\"Juan Tapia\">\n\t<meta name=\"twitter:label2\" value=\"Tiempo de lectura\">\n\t<meta name=\"twitter:data2\" value=\"3 minutos\">\n<script type=\"application\/ld+json\" class=\"yoast-schema-graph\">{\"@context\":\"https:\/\/schema.org\",\"@graph\":[{\"@type\":\"WebSite\",\"@id\":\"http:\/\/laprovidenciaovalle.cl\/colegio\/#website\",\"url\":\"http:\/\/laprovidenciaovalle.cl\/colegio\/\",\"name\":\"Colegio La Providencia\",\"description\":\"Ovalle\",\"potentialAction\":[{\"@type\":\"SearchAction\",\"target\":\"http:\/\/laprovidenciaovalle.cl\/colegio\/?s={search_term_string}\",\"query-input\":\"required name=search_term_string\"}],\"inLanguage\":\"es\"},{\"@type\":\"WebPage\",\"@id\":\"http:\/\/laprovidenciaovalle.cl\/colegio\/colegio-info\/movimiento-de-ap\/#webpage\",\"url\":\"http:\/\/laprovidenciaovalle.cl\/colegio\/colegio-info\/movimiento-de-ap\/\",\"name\":\"Movimiento de AP - Colegio La Providencia\",\"isPartOf\":{\"@id\":\"http:\/\/laprovidenciaovalle.cl\/colegio\/#website\"},\"datePublished\":\"2018-01-22T21:20:54+00:00\",\"dateModified\":\"2023-04-26T14:55:03+00:00\",\"inLanguage\":\"es\",\"potentialAction\":[{\"@type\":\"ReadAction\",\"target\":[\"http:\/\/laprovidenciaovalle.cl\/colegio\/colegio-info\/movimiento-de-ap\/\"]}]}]}<\/script>\n<!-- \/ Yoast SEO plugin. -->","_links":{"self":[{"href":"http:\/\/laprovidenciaovalle.cl\/colegio\/wp-json\/wp\/v2\/pages\/1386"}],"collection":[{"href":"http:\/\/laprovidenciaovalle.cl\/colegio\/wp-json\/wp\/v2\/pages"}],"about":[{"href":"http:\/\/laprovidenciaovalle.cl\/colegio\/wp-json\/wp\/v2\/types\/page"}],"author":[{"embeddable":true,"href":"http:\/\/laprovidenciaovalle.cl\/colegio\/wp-json\/wp\/v2\/users\/2"}],"replies":[{"embeddable":true,"href":"http:\/\/laprovidenciaovalle.cl\/colegio\/wp-json\/wp\/v2\/comments?post=1386"}],"version-history":[{"count":14,"href":"http:\/\/laprovidenciaovalle.cl\/colegio\/wp-json\/wp\/v2\/pages\/1386\/revisions"}],"predecessor-version":[{"id":9883,"href":"http:\/\/laprovidenciaovalle.cl\/colegio\/wp-json\/wp\/v2\/pages\/1386\/revisions\/9883"}],"up":[{"embeddable":true,"href":"http:\/\/laprovidenciaovalle.cl\/colegio\/wp-json\/wp\/v2\/pages\/584"}],"wp:attachment":[{"href":"http:\/\/laprovidenciaovalle.cl\/colegio\/wp-json\/wp\/v2\/media?parent=1386"}],"curies":[{"name":"wp","href":"https:\/\/api.w.org\/{rel}","templated":true}]}}