{"id":1974,"date":"2018-08-28T18:11:05","date_gmt":"2018-08-28T21:11:05","guid":{"rendered":"http:\/\/laprovidenciaovalle.cl\/colegio\/?page_id=1974"},"modified":"2023-07-25T08:33:04","modified_gmt":"2023-07-25T12:33:04","slug":"fundacion-educacional","status":"publish","type":"page","link":"http:\/\/laprovidenciaovalle.cl\/colegio\/colegio-info\/fundacion-educacional\/","title":{"rendered":"Fundaci\u00f3n Educacional"},"content":{"rendered":"<p>[vc_row][vc_column][vc_custom_heading text=&#8221;Fundaci\u00f3n Educacional Colegio la Providencia de Ovalle&#8221; use_theme_fonts=&#8221;yes&#8221;][vc_column_text]Nuestro Colegio la Providencia de Ovalle pertenece a la Fundaci\u00f3n Educacional del mismo nombre, que constituye una <strong>Persona jur\u00eddica sin fines de lucro<\/strong>.<\/p>\n<p style=\"text-align: center;\"><strong>DIRECTORIO FUNDACI\u00d3N EDUCACIONAL <\/strong><\/p>\n<p style=\"text-align: center;\"><strong>COLEGIO LA PROVIDENCIA DE OVALLE<\/strong><\/p>\n<p>Presidenta: Hermana Rebeca Malhue Olgu\u00edn<\/p>\n<ul>\n<li>Teodosio Guerrero Cruz<\/li>\n<li>Maritza Guerrero Cruz<\/li>\n<li>Miguel Arias Acu\u00f1a<\/li>\n<\/ul>\n<p>La Fundaci\u00f3n Educacional adem\u00e1s se encuentra apoyada en su labor por la Oficina Vinculante de Servicios para las Fundaciones Providencia.<\/p>\n<div id=\"attachment_11139\" style=\"width: 865px\" class=\"wp-caption alignnone\"><img aria-describedby=\"caption-attachment-11139\" loading=\"lazy\" class=\"wp-image-11139 size-full\" src=\"http:\/\/laprovidenciaovalle.cl\/colegio\/wp-content\/uploads\/2023\/07\/directiva-fundacion.jpg\" alt=\"\" width=\"855\" height=\"641\" srcset=\"http:\/\/laprovidenciaovalle.cl\/colegio\/wp-content\/uploads\/2023\/07\/directiva-fundacion.jpg 855w, http:\/\/laprovidenciaovalle.cl\/colegio\/wp-content\/uploads\/2023\/07\/directiva-fundacion-300x225.jpg 300w, http:\/\/laprovidenciaovalle.cl\/colegio\/wp-content\/uploads\/2023\/07\/directiva-fundacion-768x576.jpg 768w, http:\/\/laprovidenciaovalle.cl\/colegio\/wp-content\/uploads\/2023\/07\/directiva-fundacion-150x112.jpg 150w\" sizes=\"(max-width: 855px) 100vw, 855px\" \/><p id=\"caption-attachment-11139\" class=\"wp-caption-text\">Directorio de la Fundaci\u00f3n Educacional Colegio La Providencia de Ovalle (Hna. Rebeca Malhue, Teodosio Guerrero Cruz, Maritza Guerrero Cruz y Miguel Arias Acu\u00f1a) junto al Equipo Directivo (Miriam Ossand\u00f3n, Cecilia Mart\u00ednez, Mar\u00eda Eugenia Viorklumds, Hna. Mar\u00eda Antonieta Trimpray y Laura Rojas).<\/p><\/div>\n<p>[\/vc_column_text][\/vc_column][\/vc_row]<\/p>\n<p>&nbsp;<\/p>\n","protected":false},"excerpt":{"rendered":"<p>[vc_row][vc_column][vc_custom_heading text=&#8221;Fundaci\u00f3n Educacional Colegio la Providencia de Ovalle&#8221; use_theme_fonts=&#8221;yes&#8221;][vc_column_text]Nuestro Colegio la Providencia de Ovalle pertenece a la Fundaci\u00f3n Educacional del mismo nombre, que constituye una Persona jur\u00eddica sin fines de lucro. DIRECTORIO FUNDACI\u00d3N EDUCACIONAL COLEGIO LA PROVIDENCIA DE OVALLE Presidenta: Hermana Rebeca Malhue Olgu\u00edn Teodosio Guerrero Cruz Maritza Guerrero Cruz Miguel Arias Acu\u00f1a La Fundaci\u00f3n Educacional adem\u00e1s se encuentra apoyada&nbsp;<a href=\"http:\/\/laprovidenciaovalle.cl\/colegio\/colegio-info\/fundacion-educacional\/\">[&hellip;]<\/a><\/p>\n","protected":false},"author":2,"featured_media":0,"parent":584,"menu_order":10,"comment_status":"closed","ping_status":"closed","template":"template-sidebar-left-childpages.php","meta":[],"yoast_head":"<!-- This site is optimized with the Yoast SEO plugin v15.2 - https:\/\/yoast.com\/wordpress\/plugins\/seo\/ -->\n<title>Fundaci\u00f3n Educacional - Colegio La Providencia<\/title>\n<meta name=\"robots\" content=\"index, follow, max-snippet:-1, max-image-preview:large, max-video-preview:-1\" \/>\n<link rel=\"canonical\" href=\"https:\/\/laprovidenciaovalle.cl\/colegio\/colegio-info\/fundacion-educacional\/\" \/>\n<meta property=\"og:locale\" content=\"es_ES\" \/>\n<meta property=\"og:type\" content=\"article\" \/>\n<meta property=\"og:title\" content=\"Fundaci\u00f3n Educacional - Colegio La Providencia\" \/>\n<meta property=\"og:description\" content=\"[vc_row][vc_column][vc_custom_heading text=&#8221;Fundaci\u00f3n Educacional Colegio la Providencia de Ovalle&#8221; use_theme_fonts=&#8221;yes&#8221;][vc_column_text]Nuestro Colegio la Providencia de Ovalle pertenece a la Fundaci\u00f3n Educacional del mismo nombre, que constituye una Persona jur\u00eddica sin fines de lucro. DIRECTORIO FUNDACI\u00d3N EDUCACIONAL COLEGIO LA PROVIDENCIA DE OVALLE Presidenta: Hermana Rebeca Malhue Olgu\u00edn Teodosio Guerrero Cruz Maritza Guerrero Cruz Miguel Arias Acu\u00f1a La Fundaci\u00f3n Educacional adem\u00e1s se encuentra apoyada&nbsp;[&hellip;]\" \/>\n<meta property=\"og:url\" content=\"https:\/\/laprovidenciaovalle.cl\/colegio\/colegio-info\/fundacion-educacional\/\" \/>\n<meta property=\"og:site_name\" content=\"Colegio La Providencia\" \/>\n<meta property=\"article:modified_time\" content=\"2023-07-25T12:33:04+00:00\" \/>\n<meta property=\"og:image\" content=\"http:\/\/laprovidenciaovalle.cl\/colegio\/wp-content\/uploads\/2023\/07\/directiva-fundacion.jpg\" \/>\n<meta name=\"twitter:card\" content=\"summary_large_image\" \/>\n<meta name=\"twitter:label1\" value=\"Escrito por\">\n\t<meta name=\"twitter:data1\" value=\"Juan Tapia\">\n\t<meta name=\"twitter:label2\" value=\"Tiempo de lectura\">\n\t<meta name=\"twitter:data2\" value=\"1 minuto\">\n<script type=\"application\/ld+json\" class=\"yoast-schema-graph\">{\"@context\":\"https:\/\/schema.org\",\"@graph\":[{\"@type\":\"WebSite\",\"@id\":\"http:\/\/laprovidenciaovalle.cl\/colegio\/#website\",\"url\":\"http:\/\/laprovidenciaovalle.cl\/colegio\/\",\"name\":\"Colegio La Providencia\",\"description\":\"Ovalle\",\"potentialAction\":[{\"@type\":\"SearchAction\",\"target\":\"http:\/\/laprovidenciaovalle.cl\/colegio\/?s={search_term_string}\",\"query-input\":\"required name=search_term_string\"}],\"inLanguage\":\"es\"},{\"@type\":\"ImageObject\",\"@id\":\"https:\/\/laprovidenciaovalle.cl\/colegio\/colegio-info\/fundacion-educacional\/#primaryimage\",\"inLanguage\":\"es\",\"url\":\"http:\/\/laprovidenciaovalle.cl\/colegio\/wp-content\/uploads\/2023\/07\/directiva-fundacion.jpg\",\"width\":855,\"height\":641},{\"@type\":\"WebPage\",\"@id\":\"https:\/\/laprovidenciaovalle.cl\/colegio\/colegio-info\/fundacion-educacional\/#webpage\",\"url\":\"https:\/\/laprovidenciaovalle.cl\/colegio\/colegio-info\/fundacion-educacional\/\",\"name\":\"Fundaci\\u00f3n Educacional - Colegio La Providencia\",\"isPartOf\":{\"@id\":\"http:\/\/laprovidenciaovalle.cl\/colegio\/#website\"},\"primaryImageOfPage\":{\"@id\":\"https:\/\/laprovidenciaovalle.cl\/colegio\/colegio-info\/fundacion-educacional\/#primaryimage\"},\"datePublished\":\"2018-08-28T21:11:05+00:00\",\"dateModified\":\"2023-07-25T12:33:04+00:00\",\"inLanguage\":\"es\",\"potentialAction\":[{\"@type\":\"ReadAction\",\"target\":[\"https:\/\/laprovidenciaovalle.cl\/colegio\/colegio-info\/fundacion-educacional\/\"]}]}]}<\/script>\n<!-- \/ Yoast SEO plugin. -->","_links":{"self":[{"href":"http:\/\/laprovidenciaovalle.cl\/colegio\/wp-json\/wp\/v2\/pages\/1974"}],"collection":[{"href":"http:\/\/laprovidenciaovalle.cl\/colegio\/wp-json\/wp\/v2\/pages"}],"about":[{"href":"http:\/\/laprovidenciaovalle.cl\/colegio\/wp-json\/wp\/v2\/types\/page"}],"author":[{"embeddable":true,"href":"http:\/\/laprovidenciaovalle.cl\/colegio\/wp-json\/wp\/v2\/users\/2"}],"replies":[{"embeddable":true,"href":"http:\/\/laprovidenciaovalle.cl\/colegio\/wp-json\/wp\/v2\/comments?post=1974"}],"version-history":[{"count":14,"href":"http:\/\/laprovidenciaovalle.cl\/colegio\/wp-json\/wp\/v2\/pages\/1974\/revisions"}],"predecessor-version":[{"id":11140,"href":"http:\/\/laprovidenciaovalle.cl\/colegio\/wp-json\/wp\/v2\/pages\/1974\/revisions\/11140"}],"up":[{"embeddable":true,"href":"http:\/\/laprovidenciaovalle.cl\/colegio\/wp-json\/wp\/v2\/pages\/584"}],"wp:attachment":[{"href":"http:\/\/laprovidenciaovalle.cl\/colegio\/wp-json\/wp\/v2\/media?parent=1974"}],"curies":[{"name":"wp","href":"https:\/\/api.w.org\/{rel}","templated":true}]}}