{"id":2346,"date":"2019-07-30T16:55:07","date_gmt":"2019-07-30T20:55:07","guid":{"rendered":"http:\/\/laprovidenciaovalle.cl\/colegio\/?page_id=2346"},"modified":"2024-12-26T11:05:03","modified_gmt":"2024-12-26T14:05:03","slug":"centro-de-profesores","status":"publish","type":"page","link":"https:\/\/laprovidenciaovalle.cl\/colegio\/colegio-info\/centro-de-profesores\/","title":{"rendered":"Comit\u00e9 Medio Ambiental y Consejo de Profesores de Aula"},"content":{"rendered":"<p>[vc_row][vc_column width=&#8221;1\/2&#8243;][vc_column_text]<\/p>\n<h2>Comit\u00e9 Medio Ambiental<\/h2>\n<p>Es el \u00f3rgano que desarrolla el proceso de certificaci\u00f3n en el establecimiento; se denomina Comit\u00e9 Ambiental del Establecimiento. Es de car\u00e1cter multiestamental para asegurar la participaci\u00f3n y toma de decisiones democr\u00e1ticas de toda la comunidad educativa.<\/p>\n<p>La directiva est\u00e1 conformada por las docentes:<\/p>\n<ul>\n<li>Paola Olivares<\/li>\n<li>Sharon Castro<\/li>\n<li>Shirley Bruna<\/li>\n<\/ul>\n<div class=\"card-header\">Principales funciones:<\/div>\n<div class=\"card-body\">\n<ul>\n<li>Aplicar la Matriz Ambiental.<\/li>\n<li>Emitir el informe de autodiagn\u00f3stico ambiental.<\/li>\n<li>Elaborar el expediente de certificaci\u00f3n.<\/li>\n<li>Dise\u00f1ar, ejecutar y evaluar la estrategia de educaci\u00f3n ambiental.<\/li>\n<\/ul>\n<\/div>\n<p><img loading=\"lazy\" class=\"alignnone wp-image-17205 size-large\" src=\"http:\/\/laprovidenciaovalle.cl\/colegio\/wp-content\/uploads\/2024\/12\/IMG_1967-1024x683.jpg\" alt=\"\" width=\"1024\" height=\"683\" srcset=\"https:\/\/laprovidenciaovalle.cl\/colegio\/wp-content\/uploads\/2024\/12\/IMG_1967-1024x683.jpg 1024w, https:\/\/laprovidenciaovalle.cl\/colegio\/wp-content\/uploads\/2024\/12\/IMG_1967-300x200.jpg 300w, https:\/\/laprovidenciaovalle.cl\/colegio\/wp-content\/uploads\/2024\/12\/IMG_1967-768x512.jpg 768w, https:\/\/laprovidenciaovalle.cl\/colegio\/wp-content\/uploads\/2024\/12\/IMG_1967-1536x1024.jpg 1536w, https:\/\/laprovidenciaovalle.cl\/colegio\/wp-content\/uploads\/2024\/12\/IMG_1967-2048x1365.jpg 2048w, https:\/\/laprovidenciaovalle.cl\/colegio\/wp-content\/uploads\/2024\/12\/IMG_1967-150x100.jpg 150w\" sizes=\"(max-width: 1024px) 100vw, 1024px\" \/><\/p>\n<p><strong>Consejo de Profesores de Aula<\/strong><\/p>\n<p>La directiva conformada mediante un proceso de elecciones realizado el pasado\u00a0 9 de abril, en donde se conform\u00f3 la directiva de la siguiente manera:<\/p>\n<ul>\n<li>Presidenta: Mar\u00eda Luisa Morgado.<\/li>\n<li>Secretaria: Mirna Cort\u00e9s Espinoza.<\/li>\n<li>Tesorero: Adri\u00e1n Varas Ledezma.<\/li>\n<li>Directora: In\u00e9s Boyd Ardiles<\/li>\n<\/ul>\n<p>El consejo tiene los siguientes objetivos:<\/p>\n<p>1._ Promover el mejoramiento del desempe\u00f1o profesional de los docentes de aula.<\/p>\n<p>2._Promover el cumplimiento de las normativas vigentes, referente a la tarea docente.<\/p>\n<p>3._ Propender al cumplimiento de los sellos educativos\u00a0 del Colegio.[\/vc_column_text][\/vc_column][vc_column width=&#8221;1\/2&#8243;][\/vc_column][\/vc_row][vc_row][vc_column][\/vc_column][\/vc_row][vc_row][vc_column][\/vc_column][\/vc_row][vc_row][vc_column][\/vc_column][\/vc_row][vc_row][vc_column][\/vc_column][\/vc_row][vc_row][vc_column][\/vc_column][\/vc_row][vc_row][vc_column][\/vc_column][\/vc_row][vc_row][vc_column][\/vc_column][\/vc_row][vc_row][vc_column][\/vc_column][\/vc_row]<\/p>\n","protected":false},"excerpt":{"rendered":"<p>[vc_row][vc_column width=&#8221;1\/2&#8243;][vc_column_text] Comit\u00e9 Medio Ambiental Es el \u00f3rgano que desarrolla el proceso de certificaci\u00f3n en el establecimiento; se denomina Comit\u00e9 Ambiental del Establecimiento. Es de car\u00e1cter multiestamental para asegurar la participaci\u00f3n y toma de decisiones democr\u00e1ticas de toda la comunidad educativa. La directiva est\u00e1 conformada por las docentes: Paola Olivares Sharon Castro Shirley Bruna Principales funciones: Aplicar la Matriz Ambiental.&nbsp;<a href=\"https:\/\/laprovidenciaovalle.cl\/colegio\/colegio-info\/centro-de-profesores\/\">[&hellip;]<\/a><\/p>\n","protected":false},"author":2,"featured_media":2350,"parent":584,"menu_order":8,"comment_status":"closed","ping_status":"closed","template":"template-sidebar-left-childpages.php","meta":[],"yoast_head":"<!-- This site is optimized with the Yoast SEO plugin v15.2 - https:\/\/yoast.com\/wordpress\/plugins\/seo\/ -->\n<title>Comit\u00e9 Medio Ambiental y Consejo de Profesores de Aula - Colegio La Providencia<\/title>\n<meta name=\"robots\" content=\"index, follow, max-snippet:-1, max-image-preview:large, max-video-preview:-1\" \/>\n<link rel=\"canonical\" href=\"http:\/\/laprovidenciaovalle.cl\/colegio\/colegio-info\/centro-de-profesores\/\" \/>\n<meta property=\"og:locale\" content=\"es_ES\" \/>\n<meta property=\"og:type\" content=\"article\" \/>\n<meta property=\"og:title\" content=\"Comit\u00e9 Medio Ambiental y Consejo de Profesores de Aula - Colegio La Providencia\" \/>\n<meta property=\"og:description\" content=\"[vc_row][vc_column width=&#8221;1\/2&#8243;][vc_column_text] Comit\u00e9 Medio Ambiental Es el \u00f3rgano que desarrolla el proceso de certificaci\u00f3n en el establecimiento; se denomina Comit\u00e9 Ambiental del Establecimiento. Es de car\u00e1cter multiestamental para asegurar la participaci\u00f3n y toma de decisiones democr\u00e1ticas de toda la comunidad educativa. La directiva est\u00e1 conformada por las docentes: Paola Olivares Sharon Castro Shirley Bruna Principales funciones: Aplicar la Matriz Ambiental.&nbsp;[&hellip;]\" \/>\n<meta property=\"og:url\" content=\"http:\/\/laprovidenciaovalle.cl\/colegio\/colegio-info\/centro-de-profesores\/\" \/>\n<meta property=\"og:site_name\" content=\"Colegio La Providencia\" \/>\n<meta property=\"article:modified_time\" content=\"2024-12-26T14:05:03+00:00\" \/>\n<meta property=\"og:image\" content=\"https:\/\/laprovidenciaovalle.cl\/colegio\/wp-content\/uploads\/2019\/07\/IMG_0434.jpg\" \/>\n\t<meta property=\"og:image:width\" content=\"612\" \/>\n\t<meta property=\"og:image:height\" content=\"408\" \/>\n<meta name=\"twitter:card\" content=\"summary_large_image\" \/>\n<meta name=\"twitter:label1\" value=\"Escrito por\">\n\t<meta name=\"twitter:data1\" value=\"Juan Tapia\">\n\t<meta name=\"twitter:label2\" value=\"Tiempo de lectura\">\n\t<meta name=\"twitter:data2\" value=\"1 minuto\">\n<script type=\"application\/ld+json\" class=\"yoast-schema-graph\">{\"@context\":\"https:\/\/schema.org\",\"@graph\":[{\"@type\":\"WebSite\",\"@id\":\"http:\/\/laprovidenciaovalle.cl\/colegio\/#website\",\"url\":\"http:\/\/laprovidenciaovalle.cl\/colegio\/\",\"name\":\"Colegio La Providencia\",\"description\":\"Ovalle\",\"potentialAction\":[{\"@type\":\"SearchAction\",\"target\":\"http:\/\/laprovidenciaovalle.cl\/colegio\/?s={search_term_string}\",\"query-input\":\"required name=search_term_string\"}],\"inLanguage\":\"es\"},{\"@type\":\"ImageObject\",\"@id\":\"http:\/\/laprovidenciaovalle.cl\/colegio\/colegio-info\/centro-de-profesores\/#primaryimage\",\"inLanguage\":\"es\",\"url\":\"https:\/\/laprovidenciaovalle.cl\/colegio\/wp-content\/uploads\/2019\/07\/IMG_0434.jpg\",\"width\":612,\"height\":408},{\"@type\":\"WebPage\",\"@id\":\"http:\/\/laprovidenciaovalle.cl\/colegio\/colegio-info\/centro-de-profesores\/#webpage\",\"url\":\"http:\/\/laprovidenciaovalle.cl\/colegio\/colegio-info\/centro-de-profesores\/\",\"name\":\"Comit\\u00e9 Medio Ambiental y Consejo de Profesores de Aula - Colegio La Providencia\",\"isPartOf\":{\"@id\":\"http:\/\/laprovidenciaovalle.cl\/colegio\/#website\"},\"primaryImageOfPage\":{\"@id\":\"http:\/\/laprovidenciaovalle.cl\/colegio\/colegio-info\/centro-de-profesores\/#primaryimage\"},\"datePublished\":\"2019-07-30T20:55:07+00:00\",\"dateModified\":\"2024-12-26T14:05:03+00:00\",\"inLanguage\":\"es\",\"potentialAction\":[{\"@type\":\"ReadAction\",\"target\":[\"http:\/\/laprovidenciaovalle.cl\/colegio\/colegio-info\/centro-de-profesores\/\"]}]}]}<\/script>\n<!-- \/ Yoast SEO plugin. -->","_links":{"self":[{"href":"https:\/\/laprovidenciaovalle.cl\/colegio\/wp-json\/wp\/v2\/pages\/2346"}],"collection":[{"href":"https:\/\/laprovidenciaovalle.cl\/colegio\/wp-json\/wp\/v2\/pages"}],"about":[{"href":"https:\/\/laprovidenciaovalle.cl\/colegio\/wp-json\/wp\/v2\/types\/page"}],"author":[{"embeddable":true,"href":"https:\/\/laprovidenciaovalle.cl\/colegio\/wp-json\/wp\/v2\/users\/2"}],"replies":[{"embeddable":true,"href":"https:\/\/laprovidenciaovalle.cl\/colegio\/wp-json\/wp\/v2\/comments?post=2346"}],"version-history":[{"count":9,"href":"https:\/\/laprovidenciaovalle.cl\/colegio\/wp-json\/wp\/v2\/pages\/2346\/revisions"}],"predecessor-version":[{"id":17207,"href":"https:\/\/laprovidenciaovalle.cl\/colegio\/wp-json\/wp\/v2\/pages\/2346\/revisions\/17207"}],"up":[{"embeddable":true,"href":"https:\/\/laprovidenciaovalle.cl\/colegio\/wp-json\/wp\/v2\/pages\/584"}],"wp:featuredmedia":[{"embeddable":true,"href":"https:\/\/laprovidenciaovalle.cl\/colegio\/wp-json\/wp\/v2\/media\/2350"}],"wp:attachment":[{"href":"https:\/\/laprovidenciaovalle.cl\/colegio\/wp-json\/wp\/v2\/media?parent=2346"}],"curies":[{"name":"wp","href":"https:\/\/api.w.org\/{rel}","templated":true}]}}