{"id":757,"date":"2016-03-31T12:14:28","date_gmt":"2016-03-31T12:14:28","guid":{"rendered":"http:\/\/schooltime.aislinthemes.com\/?page_id=757"},"modified":"2023-07-25T11:39:57","modified_gmt":"2023-07-25T15:39:57","slug":"especialidades","status":"publish","type":"page","link":"https:\/\/laprovidenciaovalle.cl\/colegio\/especialidades\/","title":{"rendered":"Especialidades"},"content":{"rendered":"<p>[vc_row][vc_column width=&#8221;1\/2&#8243;][vc_single_image image=&#8221;1840&#8243; img_size=&#8221;full&#8221; onclick=&#8221;custom_link&#8221; css=&#8221;.vc_custom_1533309602947{margin-bottom: 25px !important;}&#8221; link=&#8221;http:\/\/laprovidenciaovalle.cl\/colegio\/especialidades\/enfermeria\/&#8221;][vc_custom_heading text=&#8221;Atenci\u00f3n de Enfermer\u00eda&#8221; font_container=&#8221;tag:h4|text_align:left&#8221; use_theme_fonts=&#8221;yes&#8221; link=&#8221;url:http%3A%2F%2Flaprovidenciaovalle.cl%2Fcolegio%2Fespecialidades%2Fenfermeria%2F|||&#8221;][vc_column_text css=&#8221;.vc_custom_1690299366920{padding-right: 20px !important;}&#8221;]<strong>T\u00edtulo: T\u00e9cnico de Nivel Medio en Atenci\u00f3n de Enfermer\u00eda, menci\u00f3n Enfermer\u00eda.<\/strong><\/p>\n<p>Las estudiantes egresadas de la especialidad de Atenci\u00f3n de Enfermer\u00eda con menci\u00f3n de Enfermer\u00eda, podr\u00e1n desempe\u00f1arse en establecimientos asistenciales, de servicios p\u00fablicos y privados, de distintos niveles de complejidad, como por ejemplo: establecimientos de atenci\u00f3n primaria, hospitales y cl\u00ednicas de atenci\u00f3n secundaria y terciaria; centros de atenci\u00f3n ambulatoria; atenci\u00f3n domiciliaria; centros ubicados en empresas e instituciones<br \/>\neducativas, entre otros.<\/p>\n<p>M\u00e1s informaci\u00f3n en la siguiente p\u00e1gina: <a href=\"http:\/\/laprovidenciaovalle.cl\/colegio\/especialidades\/enfermeria\/\">Atenci\u00f3n de Enfermer\u00eda<\/a>.[\/vc_column_text][\/vc_column][vc_column width=&#8221;1\/2&#8243; css=&#8221;.vc_custom_1459416622945{margin-bottom: 30px !important;}&#8221;][vc_single_image image=&#8221;1509&#8243; img_size=&#8221;full&#8221; onclick=&#8221;custom_link&#8221; css=&#8221;.vc_custom_1533309665024{margin-bottom: 25px !important;}&#8221; link=&#8221;http:\/\/laprovidenciaovalle.cl\/colegio\/especialidades\/parvulos\/&#8221;][vc_custom_heading text=&#8221;Atenci\u00f3n de P\u00e1rvulos<br \/>\n&#8221; font_container=&#8221;tag:h4|text_align:left&#8221; use_theme_fonts=&#8221;yes&#8221; link=&#8221;url:http%3A%2F%2Flaprovidenciaovalle.cl%2Fcolegio%2Fespecialidades%2Fparvulos%2F|||&#8221;][vc_column_text css=&#8221;.vc_custom_1690299463726{padding-right: 20px !important;}&#8221;]<strong>T\u00edtulo: T\u00e9cnico de Nivel Medio en Atenci\u00f3n de P\u00e1rvulos.<\/strong><\/p>\n<p>Las estudiantes egresadas de la especialidad de t\u00e9cnico de Atenci\u00f3n de P\u00e1rvulos ser\u00e1n capaces de apoyar y compartir la labor del educador o educadora de p\u00e1rvulos en las diversas tareas implicadas en la educaci\u00f3n de los ni\u00f1os y las ni\u00f1as, especialmente, en aquellas relacionadas con la implementaci\u00f3n de las experiencias educativas desde el primer ciclo, y as\u00ed colaborar con la labor formadora de la familia. Por ello, para las actividades formativas que se proponen en este Programa, es especialmente relevante que las estudiantes comprendan la profunda relaci\u00f3n entre c\u00f3mo aprenden y c\u00f3mo se desarrollan los ni\u00f1os y las ni\u00f1as entre los cero y seis a\u00f1os y, por ende, las particularidades que asume el proceso de ense\u00f1anza en esa etapa de la vida.<\/p>\n<p>M\u00e1s informaci\u00f3n en la siguiente p\u00e1gina: <a href=\"http:\/\/laprovidenciaovalle.cl\/colegio\/especialidades\/parvulos\/\">Atenci\u00f3n de P\u00e1rvulos<\/a>.[\/vc_column_text][\/vc_column][\/vc_row][vc_row][vc_column width=&#8221;1\/2&#8243;][vc_single_image image=&#8221;1517&#8243; img_size=&#8221;full&#8221; onclick=&#8221;custom_link&#8221; css=&#8221;.vc_custom_1533309694798{margin-bottom: 25px !important;}&#8221; link=&#8221;http:\/\/laprovidenciaovalle.cl\/colegio\/especialidades\/gastronomia\/&#8221;][vc_custom_heading text=&#8221;Gastronom\u00eda&#8221; font_container=&#8221;tag:h4|text_align:left&#8221; use_theme_fonts=&#8221;yes&#8221; link=&#8221;url:http%3A%2F%2Flaprovidenciaovalle.cl%2Fcolegio%2Fespecialidades%2Fgastronomia%2F|||&#8221;][vc_column_text css=&#8221;.vc_custom_1690299487173{padding-right: 20px !important;}&#8221;]<strong>T\u00edtulo: T\u00e9cnico de Nivel Medio en Gastronom\u00eda, menci\u00f3n Pasteler\u00eda y Reposter\u00eda<\/strong><\/p>\n<p>Las estudiantes egresadas de la Especialidad Gastronom\u00eda podr\u00e1n desarrollar funciones y tareas en todas las etapas del proceso productivo, de acuerdo a las caracter\u00edsticas del establecimiento y puestos de trabajo de las empresas de alimentaci\u00f3n. Podr\u00e1 desempe\u00f1arse en el \u00e1rea de bodega o adquisiciones y, en la cocina, en el \u00e1rea de la cocina fr\u00eda, cocina caliente, pasteler\u00eda y panader\u00eda, realizando las tareas de preelaboraci\u00f3n, producci\u00f3n, montaje y despacho.<\/p>\n<p>Por otra parte, en el sal\u00f3n de comedores, podr\u00e1 llevar a cabo diferentes tipos de servicios de comestibles, bebidas analcoh\u00f3licas, fermentados y destilados; y en la barra o bar, podr\u00e1 elaborar diferentes tipos de bebestibles. Adem\u00e1s, ser\u00e1 capaz de dise\u00f1ar men\u00fas y cartas aplicando las normas nacionales e internacionales.<\/p>\n<p>M\u00e1s informaci\u00f3n en la siguiente p\u00e1gina: <a href=\"http:\/\/laprovidenciaovalle.cl\/colegio\/especialidades\/gastronomia\/\">Gastronom\u00eda<\/a>.[\/vc_column_text][\/vc_column][vc_column width=&#8221;1\/2&#8243;][vc_single_image image=&#8221;1525&#8243; img_size=&#8221;full&#8221; onclick=&#8221;custom_link&#8221; css=&#8221;.vc_custom_1533309731514{margin-bottom: 25px !important;}&#8221; link=&#8221;http:\/\/laprovidenciaovalle.cl\/colegio\/especialidades\/administracion\/&#8221;][vc_custom_heading text=&#8221;Administraci\u00f3n&#8221; font_container=&#8221;tag:h4|text_align:left&#8221; use_theme_fonts=&#8221;yes&#8221; link=&#8221;url:http%3A%2F%2Flaprovidenciaovalle.cl%2Fcolegio%2Fespecialidades%2Fadministracion%2F|||&#8221;][vc_column_text css=&#8221;.vc_custom_1690299592593{padding-right: 20px !important;}&#8221;]<strong>T\u00edtulo: T\u00e9cnico de nivel Medio en Administraci\u00f3n, menci\u00f3n Recursos Humanos.<\/strong><\/p>\n<p>Las estudiantes egresadas de la especialidad de t\u00e9cnico en administraci\u00f3n, menci\u00f3n en Recursos Humanos pueden desarrollar labores de apoyo a distintos procesos administrativos y comerciales y desempe\u00f1arse en \u00e1reas de reclutamiento y selecci\u00f3n, capacitaci\u00f3n, remuneraciones, evaluaci\u00f3n y todas aquellas que intervienen en los procesos y subprocesos de recursos humanos. Sus principales aportes estar\u00e1n orientados al dise\u00f1o, al apoyo en la implementaci\u00f3n y, posteriormente, al seguimiento y registro de procesos.<\/p>\n<p>(Especialidad fundada en 1967 por la Hna. Mar\u00eda de San Pedro Aguirre Valladares).<\/p>\n<p>M\u00e1s informaci\u00f3n en la siguiente p\u00e1gina: <a href=\"http:\/\/laprovidenciaovalle.cl\/colegio\/especialidades\/administracion\/\">Administraci\u00f3n<\/a>.[\/vc_column_text][\/vc_column][\/vc_row]<\/p>\n","protected":false},"excerpt":{"rendered":"<p>[vc_row][vc_column width=&#8221;1\/2&#8243;][vc_single_image image=&#8221;1840&#8243; img_size=&#8221;full&#8221; onclick=&#8221;custom_link&#8221; css=&#8221;.vc_custom_1533309602947{margin-bottom: 25px !important;}&#8221; link=&#8221;http:\/\/laprovidenciaovalle.cl\/colegio\/especialidades\/enfermeria\/&#8221;][vc_custom_heading text=&#8221;Atenci\u00f3n de Enfermer\u00eda&#8221; font_container=&#8221;tag:h4|text_align:left&#8221; use_theme_fonts=&#8221;yes&#8221; link=&#8221;url:http%3A%2F%2Flaprovidenciaovalle.cl%2Fcolegio%2Fespecialidades%2Fenfermeria%2F|||&#8221;][vc_column_text css=&#8221;.vc_custom_1690299366920{padding-right: 20px !important;}&#8221;]T\u00edtulo: T\u00e9cnico de Nivel Medio en Atenci\u00f3n de Enfermer\u00eda, menci\u00f3n Enfermer\u00eda. Las estudiantes egresadas de la especialidad de Atenci\u00f3n de Enfermer\u00eda con menci\u00f3n de Enfermer\u00eda, podr\u00e1n desempe\u00f1arse en establecimientos asistenciales, de servicios p\u00fablicos y privados, de distintos niveles de complejidad, como por ejemplo:&nbsp;<a href=\"https:\/\/laprovidenciaovalle.cl\/colegio\/especialidades\/\">[&hellip;]<\/a><\/p>\n","protected":false},"author":2,"featured_media":0,"parent":0,"menu_order":0,"comment_status":"closed","ping_status":"closed","template":"template-sidebar-left-childpages.php","meta":[],"yoast_head":"<!-- This site is optimized with the Yoast SEO plugin v15.2 - https:\/\/yoast.com\/wordpress\/plugins\/seo\/ -->\n<title>Especialidades - Colegio La Providencia<\/title>\n<meta name=\"robots\" content=\"index, follow, max-snippet:-1, max-image-preview:large, max-video-preview:-1\" \/>\n<link rel=\"canonical\" href=\"https:\/\/laprovidenciaovalle.cl\/colegio\/especialidades\/\" \/>\n<meta property=\"og:locale\" content=\"es_ES\" \/>\n<meta property=\"og:type\" content=\"article\" \/>\n<meta property=\"og:title\" content=\"Especialidades - Colegio La Providencia\" \/>\n<meta property=\"og:description\" content=\"[vc_row][vc_column width=&#8221;1\/2&#8243;][vc_single_image image=&#8221;1840&#8243; img_size=&#8221;full&#8221; onclick=&#8221;custom_link&#8221; css=&#8221;.vc_custom_1533309602947{margin-bottom: 25px !important;}&#8221; link=&#8221;http:\/\/laprovidenciaovalle.cl\/colegio\/especialidades\/enfermeria\/&#8221;][vc_custom_heading text=&#8221;Atenci\u00f3n de Enfermer\u00eda&#8221; font_container=&#8221;tag:h4|text_align:left&#8221; use_theme_fonts=&#8221;yes&#8221; link=&#8221;url:http%3A%2F%2Flaprovidenciaovalle.cl%2Fcolegio%2Fespecialidades%2Fenfermeria%2F|||&#8221;][vc_column_text css=&#8221;.vc_custom_1690299366920{padding-right: 20px !important;}&#8221;]T\u00edtulo: T\u00e9cnico de Nivel Medio en Atenci\u00f3n de Enfermer\u00eda, menci\u00f3n Enfermer\u00eda. Las estudiantes egresadas de la especialidad de Atenci\u00f3n de Enfermer\u00eda con menci\u00f3n de Enfermer\u00eda, podr\u00e1n desempe\u00f1arse en establecimientos asistenciales, de servicios p\u00fablicos y privados, de distintos niveles de complejidad, como por ejemplo:&nbsp;[&hellip;]\" \/>\n<meta property=\"og:url\" content=\"https:\/\/laprovidenciaovalle.cl\/colegio\/especialidades\/\" \/>\n<meta property=\"og:site_name\" content=\"Colegio La Providencia\" \/>\n<meta property=\"article:modified_time\" content=\"2023-07-25T15:39:57+00:00\" \/>\n<meta name=\"twitter:card\" content=\"summary_large_image\" \/>\n<meta name=\"twitter:label1\" value=\"Escrito por\">\n\t<meta name=\"twitter:data1\" value=\"Juan Tapia\">\n\t<meta name=\"twitter:label2\" value=\"Tiempo de lectura\">\n\t<meta name=\"twitter:data2\" value=\"3 minutos\">\n<script type=\"application\/ld+json\" class=\"yoast-schema-graph\">{\"@context\":\"https:\/\/schema.org\",\"@graph\":[{\"@type\":\"WebSite\",\"@id\":\"http:\/\/laprovidenciaovalle.cl\/colegio\/#website\",\"url\":\"http:\/\/laprovidenciaovalle.cl\/colegio\/\",\"name\":\"Colegio La Providencia\",\"description\":\"Ovalle\",\"potentialAction\":[{\"@type\":\"SearchAction\",\"target\":\"http:\/\/laprovidenciaovalle.cl\/colegio\/?s={search_term_string}\",\"query-input\":\"required name=search_term_string\"}],\"inLanguage\":\"es\"},{\"@type\":\"WebPage\",\"@id\":\"https:\/\/laprovidenciaovalle.cl\/colegio\/especialidades\/#webpage\",\"url\":\"https:\/\/laprovidenciaovalle.cl\/colegio\/especialidades\/\",\"name\":\"Especialidades - Colegio La Providencia\",\"isPartOf\":{\"@id\":\"http:\/\/laprovidenciaovalle.cl\/colegio\/#website\"},\"datePublished\":\"2016-03-31T12:14:28+00:00\",\"dateModified\":\"2023-07-25T15:39:57+00:00\",\"inLanguage\":\"es\",\"potentialAction\":[{\"@type\":\"ReadAction\",\"target\":[\"https:\/\/laprovidenciaovalle.cl\/colegio\/especialidades\/\"]}]}]}<\/script>\n<!-- \/ Yoast SEO plugin. -->","_links":{"self":[{"href":"https:\/\/laprovidenciaovalle.cl\/colegio\/wp-json\/wp\/v2\/pages\/757"}],"collection":[{"href":"https:\/\/laprovidenciaovalle.cl\/colegio\/wp-json\/wp\/v2\/pages"}],"about":[{"href":"https:\/\/laprovidenciaovalle.cl\/colegio\/wp-json\/wp\/v2\/types\/page"}],"author":[{"embeddable":true,"href":"https:\/\/laprovidenciaovalle.cl\/colegio\/wp-json\/wp\/v2\/users\/2"}],"replies":[{"embeddable":true,"href":"https:\/\/laprovidenciaovalle.cl\/colegio\/wp-json\/wp\/v2\/comments?post=757"}],"version-history":[{"count":25,"href":"https:\/\/laprovidenciaovalle.cl\/colegio\/wp-json\/wp\/v2\/pages\/757\/revisions"}],"predecessor-version":[{"id":11158,"href":"https:\/\/laprovidenciaovalle.cl\/colegio\/wp-json\/wp\/v2\/pages\/757\/revisions\/11158"}],"wp:attachment":[{"href":"https:\/\/laprovidenciaovalle.cl\/colegio\/wp-json\/wp\/v2\/media?parent=757"}],"curies":[{"name":"wp","href":"https:\/\/api.w.org\/{rel}","templated":true}]}}